{"id":8786,"date":"2023-12-19T13:51:46","date_gmt":"2023-12-19T13:51:46","guid":{"rendered":"https:\/\/saunasresistenciasmdp.com\/?post_type=product&#038;p=8786"},"modified":"2025-08-04T20:22:52","modified_gmt":"2025-08-04T20:22:52","slug":"termotanque-electrico-industrial-300-lts","status":"publish","type":"product","link":"https:\/\/saunasresistenciasmdp.com\/index.php\/product\/termotanque-electrico-industrial-300-lts\/","title":{"rendered":"Termotanque El\u00e9ctrico Industrial 300 Lts"},"content":{"rendered":"<p>Garant\u00eda de por vida en el tanque.<br \/>\nAlto rendimiento y durabilidad.<\/p>\n<p>Nuestros\u00a0<a class=\"x1i10hfl xjbqb8w x6umtig x1b1mbwd xaqea5y xav7gou x9f619 x1ypdohk xt0psk2 xe8uvvx xdj266r x11i5rnm xat24cr x1mh8g0r xexx8yu x4uap5 x18d9i69 xkhd6sd x16tdsg8 x1hl2dhg xggy1nq x1a2a7pz _aa9_ _a6hd\" tabindex=\"0\" role=\"link\" href=\"https:\/\/www.instagram.com\/explore\/tags\/termotanques\/\">#termotanques<\/a>\u00a0aseguran una recuperaci\u00f3n r\u00e1pida, proporcionando un suministro constante en entornos industriales exigentes. La calidad superior de Resistencias Mar del Plata se traduce en un rendimiento sin igual y una vida \u00fatil extendida, garantizando que tu inversi\u00f3n est\u00e9 respaldada por d\u00e9cadas de servicio confiable.<\/p>\n<p>24 a\u00f1os de experiencia avalan a RESISTENCIAS MAR DEL PLATA \u26a1Como una empresa l\u00edder en la fabricaci\u00f3n de resistencias el\u00e9ctricas, equipos gastron\u00f3micos y de calefacci\u00f3n electricos navales, industriales y comerciales.<\/p>\n","protected":false},"excerpt":{"rendered":"<ul>\n<li><strong>Construcci\u00f3n:<\/strong> Acero Inox 304. ESP 2,5MM<\/li>\n<li><strong>Garant\u00eda:<\/strong> De por vida en el tanque.<\/li>\n<li><strong>Recuperaci\u00f3n:<\/strong> Alta.<\/li>\n<li><strong>Incluye:<\/strong> Termostato, v\u00e1lvula de seguridad y llave esf\u00e9rica de desagote. ENTRADA Y SALIDA DE AGUA CON CUPLAS DE INOX 1&#8243;<\/li>\n<li><strong>Resistencias:<\/strong> Blindadas de inmersi\u00f3n multielemento con cabezal clamp 2\u2033<\/li>\n<li><strong>Aislaci\u00f3n T\u00e9rmica:<\/strong> Manta cer\u00e1mica.<\/li>\n<li><strong>Potencias Variables:<\/strong> 24KW\/380V.<\/li>\n<li><strong>Voltaje:<\/strong> 380V.<\/li>\n<\/ul>\n","protected":false},"featured_media":8782,"comment_status":"open","ping_status":"closed","template":"","meta":{"om_disable_all_campaigns":false},"product_brand":[],"product_cat":[97],"product_tag":[98,102,100,99,101],"class_list":{"0":"post-8786","1":"product","2":"type-product","3":"status-publish","4":"has-post-thumbnail","6":"product_cat-termotanque","7":"product_tag-termotanque","8":"product_tag-termotanque-electricos-industrial","9":"product_tag-termotanque-industrial","10":"product_tag-termotanques","11":"product_tag-termotanques-electricos","13":"first","14":"onbackorder","15":"shipping-taxable","16":"purchasable","17":"product-type-simple"},"jetpack_sharing_enabled":true,"_links":{"self":[{"href":"https:\/\/saunasresistenciasmdp.com\/index.php\/wp-json\/wp\/v2\/product\/8786","targetHints":{"allow":["GET"]}}],"collection":[{"href":"https:\/\/saunasresistenciasmdp.com\/index.php\/wp-json\/wp\/v2\/product"}],"about":[{"href":"https:\/\/saunasresistenciasmdp.com\/index.php\/wp-json\/wp\/v2\/types\/product"}],"replies":[{"embeddable":true,"href":"https:\/\/saunasresistenciasmdp.com\/index.php\/wp-json\/wp\/v2\/comments?post=8786"}],"version-history":[{"count":1,"href":"https:\/\/saunasresistenciasmdp.com\/index.php\/wp-json\/wp\/v2\/product\/8786\/revisions"}],"predecessor-version":[{"id":8787,"href":"https:\/\/saunasresistenciasmdp.com\/index.php\/wp-json\/wp\/v2\/product\/8786\/revisions\/8787"}],"wp:featuredmedia":[{"embeddable":true,"href":"https:\/\/saunasresistenciasmdp.com\/index.php\/wp-json\/wp\/v2\/media\/8782"}],"wp:attachment":[{"href":"https:\/\/saunasresistenciasmdp.com\/index.php\/wp-json\/wp\/v2\/media?parent=8786"}],"wp:term":[{"taxonomy":"product_brand","embeddable":true,"href":"https:\/\/saunasresistenciasmdp.com\/index.php\/wp-json\/wp\/v2\/product_brand?post=8786"},{"taxonomy":"product_cat","embeddable":true,"href":"https:\/\/saunasresistenciasmdp.com\/index.php\/wp-json\/wp\/v2\/product_cat?post=8786"},{"taxonomy":"product_tag","embeddable":true,"href":"https:\/\/saunasresistenciasmdp.com\/index.php\/wp-json\/wp\/v2\/product_tag?post=8786"}],"curies":[{"name":"wp","href":"https:\/\/api.w.org\/{rel}","templated":true}]}}